{"id":95,"date":"2016-08-12T17:00:00","date_gmt":"2016-08-12T17:00:00","guid":{"rendered":"http:\/\/volcanoesnight.com\/?page_id=95"},"modified":"2021-09-09T13:58:41","modified_gmt":"2021-09-09T13:58:41","slug":"cuando-y-donde","status":"publish","type":"page","link":"https:\/\/volcanoesnight.com\/?page_id=95","title":{"rendered":"\u00bfCu\u00e1ndo y D\u00f3nde? \u00b7 When &#038; Where?"},"content":{"rendered":"<p>[et_pb_section fb_built=\u00bb1&#8243; admin_label=\u00bbsection\u00bb _builder_version=\u00bb3.22&#8243; global_colors_info=\u00bb{}\u00bb][et_pb_row column_structure=\u00bb1_2,1_2&#8243; _builder_version=\u00bb3.25&#8243; background_size=\u00bbinitial\u00bb background_position=\u00bbtop_left\u00bb background_repeat=\u00bbrepeat\u00bb global_colors_info=\u00bb{}\u00bb][et_pb_column type=\u00bb1_2&#8243; _builder_version=\u00bb3.25&#8243; custom_padding=\u00bb|||\u00bb global_colors_info=\u00bb{}\u00bb custom_padding__hover=\u00bb|||\u00bb][et_pb_text _builder_version=\u00bb4.10.6&#8243; use_border_color=\u00bboff\u00bb border_color=\u00bb#ffffff\u00bb border_style=\u00bbsolid\u00bb global_colors_info=\u00bb{}\u00bb]<\/p>\n<div class=\"entry-content\">\n<h4>\u00bfCu\u00e1ndo?<\/h4>\n<p><strong>LA NOCHE EUROPEA DE LOS VOLCANES 2021<\/strong> tendr\u00e1 lugar el <strong>viernes 24 de septiembre de 2021<\/strong> coincidiendo con <a href=\"https:\/\/ec.europa.eu\/research\/mariecurieactions\/event\/2021-european-researchers-night\">La Noche Europea de los Investigadores de 2021<\/a> que se celebra anualmente en toda Europa el \u00faltimo viernes de septiembre. Algunas de las actividades se desarrollar\u00e1n durante d\u00edas posteriores para conmemorar el <a href=\"https:\/\/es.wikipedia.org\/wiki\/D%C3%ADa_Mundial_del_Turismo\">D\u00eda Mundial del Turismo<\/a> (27 de septiembre) dada la importancia del <span style=\"font-weight: 400;\">geoturismo, una actividad en crecimiento que proporciona un significativo valor econ\u00f3mico al patrimonio geol\u00f3gico y geomorfol\u00f3gico,<\/span><\/p>\n<h4>\u00bfD\u00f3nde?<\/h4>\n<p>La Noche Europea de los Volcanes 2021 se tiene previsto materializar simult\u00e1neamente en 20 municipios diferentes de Alemania, Espa\u00f1a, Francia, Hungr\u00eda, Italia, Islandia, Portugal, Reino Unido y Suiza:<\/p>\n<ul>\n<li id=\"menu-item-1116\" class=\"menu-item menu-item-type-post_type menu-item-object-page menu-item-1116\"><a href=\"https:\/\/es.wikipedia.org\/wiki\/Fuencaliente_de_La_Palma\">Fuencaliente de La Palma<\/a> (La Palma, Canary Islands, ESPA\u00d1A)<\/li>\n<li class=\"menu-item menu-item-type-post_type menu-item-object-page menu-item-1116\"><a href=\"https:\/\/es.wikipedia.org\/wiki\/Puerto_de_la_Cruz\">Puerto de la Cruz<\/a> (Tenerife, Canary Islands, ESPA\u00d1A)<\/li>\n<li class=\"menu-item menu-item-type-post_type menu-item-object-page menu-item-1116\"><a href=\"https:\/\/es.wikipedia.org\/wiki\/Aldea_del_Rey\">Aldea del Rey<\/a> (Ciudad Real, Castilla La Mancha, ESPA\u00d1A)<\/li>\n<li><a href=\"https:\/\/es.wikipedia.org\/wiki\/Calzada_de_Calatrava\">Calzada de Calatrava<\/a> (Ciudad Real, Castilla La Mancha, ESPA\u00d1A)<\/li>\n<li class=\"menu-item menu-item-type-post_type menu-item-object-page menu-item-1116\"><a href=\"https:\/\/es.wikipedia.org\/wiki\/Olot\">Olot<\/a> (Girona, Catalunya, ESPA\u00d1A)<\/li>\n<li class=\"menu-item menu-item-type-post_type menu-item-object-page menu-item-1116\"><a href=\"https:\/\/es.wikipedia.org\/wiki\/Guadalajara_(Espa%C3%B1a)\">Guadalajara<\/a> (Guadalajara, Castilla La Mancha, ESPA\u00d1A)<\/li>\n<li><a href=\"https:\/\/es.wikipedia.org\/wiki\/Madrid\">Madrid<\/a> (Madrid, ESPA\u00d1A)<\/li>\n<li class=\"menu-item menu-item-type-post_type menu-item-object-page menu-item-1116\"><a href=\"https:\/\/es.wikipedia.org\/wiki\/Barcelona\">Barcelona<\/a> (Barcelona, Catalunya, ESPA\u00d1A)<\/li>\n<li class=\"menu-item menu-item-type-post_type menu-item-object-page menu-item-1116\"><a href=\"https:\/\/es.wikipedia.org\/wiki\/N%C3%A1poles\">N\u00e1poles<\/a> (ITALIA)<\/li>\n<li class=\"menu-item menu-item-type-post_type menu-item-object-page menu-item-1116\"><a href=\"https:\/\/es.wikipedia.org\/wiki\/Catania\">Catania<\/a> (ITALIA)<\/li>\n<li class=\"menu-item menu-item-type-post_type menu-item-object-page menu-item-1116\"><a href=\"https:\/\/es.wikipedia.org\/wiki\/Pisa\">Pisa<\/a> (ITALIA)<\/li>\n<li class=\"menu-item menu-item-type-post_type menu-item-object-page menu-item-1116\"><a href=\"https:\/\/es.wikipedia.org\/wiki\/Bolonia\">Bologna<\/a> (ITALIA)<\/li>\n<li class=\"menu-item menu-item-type-post_type menu-item-object-page menu-item-1116\"><a href=\"https:\/\/es.wikipedia.org\/wiki\/Ponta_Delgada\">Ponta Delgada<\/a> (S\u00e3o Miguel, A\u00e7ores, PORTUGAL)<\/li>\n<li><a href=\"https:\/\/es.wikipedia.org\/wiki\/Lisboa\">Lisboa<\/a> (PORTUGAL)<\/li>\n<li><a href=\"https:\/\/es.wikipedia.org\/wiki\/Funchal\">Funchal<\/a> (Madeira, PORTUGAL)<\/li>\n<li class=\"menu-item menu-item-type-post_type menu-item-object-page menu-item-1116\"><a href=\"https:\/\/es.wikipedia.org\/wiki\/Portsmouth\">Portsmouth<\/a> (REINO UNIDO)<\/li>\n<li class=\"menu-item menu-item-type-post_type menu-item-object-page menu-item-1116\"><a href=\"https:\/\/es.wikipedia.org\/wiki\/Budapest\">Budapest<\/a> (HUNGR\u00cdA)<\/li>\n<li class=\"menu-item menu-item-type-post_type menu-item-object-page menu-item-1116\"><a href=\"https:\/\/es.wikipedia.org\/wiki\/Tours\">Tours<\/a> (FRANCIA)<\/li>\n<li class=\"menu-item menu-item-type-post_type menu-item-object-page menu-item-1116\"><a href=\"https:\/\/es.wikipedia.org\/wiki\/D%C3%BCsseldorf\">D\u00fcsseldorf<\/a> (ALEMANIA)<\/li>\n<li class=\"menu-item menu-item-type-post_type menu-item-object-page menu-item-1116\"><a href=\"https:\/\/es.wikipedia.org\/wiki\/Reikiavik\">Reykjav\u00edk<\/a> (ISLANDIA)<\/li>\n<li class=\"menu-item menu-item-type-post_type menu-item-object-page menu-item-1116\"><a href=\"https:\/\/es.wikipedia.org\/wiki\/Ginebra\">Ginebra<\/a> (SUIZA)<\/li>\n<\/ul>\n<\/div>\n<p>[\/et_pb_text][\/et_pb_column][et_pb_column type=\u00bb1_2&#8243; _builder_version=\u00bb3.25&#8243; custom_padding=\u00bb|||\u00bb global_colors_info=\u00bb{}\u00bb custom_padding__hover=\u00bb|||\u00bb][et_pb_text _builder_version=\u00bb4.10.6&#8243; hover_enabled=\u00bb0&#8243; use_border_color=\u00bboff\u00bb border_color=\u00bb#ffffff\u00bb border_style=\u00bbsolid\u00bb global_colors_info=\u00bb{}\u00bb sticky_enabled=\u00bb0&#8243;]<\/p>\n<div class=\"entry-content\">\n<h4>When?<\/h4>\n<p><strong>THE 2021 EUROPEAN VOLCANOES&#8217; NIGHT<\/strong>\u00a0will take place on <strong>Friday, September 24, 2021<\/strong>, coinciding with the <a href=\"https:\/\/ec.europa.eu\/research\/mariecurieactions\/event\/2021-european-researchers-night\">2021 European Researchers&#8217; Night<\/a>, which is held annually throughout Europe on the last Friday of September. Some of the activities will take place during subsequent days to commemorate <a href=\"https:\/\/en.wikipedia.org\/wiki\/World_Tourism_Day\">World Tourism Day<\/a> (September 27) given the importance of geotourism; a growing activity that provides significant economic value to the geological and geomorphological heritage<\/p>\n<h4>Where?<\/h4>\n<p>THE 2021 EUROPEAN VOLCANOES&#8217; NIGHT is planned to take place simultaneously in 20 different municipalities in France, Germany, Hungary, Iceland, Italy, Portugal, Spain, Switzerland and United Kingdom:<\/p>\n<ul>\n<li id=\"menu-item-1116\" class=\"menu-item menu-item-type-post_type menu-item-object-page menu-item-1116\"><a href=\"https:\/\/en.wikipedia.org\/wiki\/Fuencaliente_de_La_Palma\">Fuencaliente de La Palma<\/a> (La Palma, Canary Islands, SPAIN)<\/li>\n<li class=\"menu-item menu-item-type-post_type menu-item-object-page menu-item-1116\"><a href=\"https:\/\/en.wikipedia.org\/wiki\/Puerto_de_la_Cruz\">Puerto de la Cruz<\/a> (Tenerife, Canary Islands, SPAIN)<\/li>\n<li class=\"menu-item menu-item-type-post_type menu-item-object-page menu-item-1116\"><a href=\"https:\/\/en.wikipedia.org\/wiki\/Aldea_del_Rey\">Aldea del Rey<\/a> (Ciudad Real, Castilla La Mancha, ESPA\u00d1A)<\/li>\n<li><a href=\"https:\/\/en.wikipedia.org\/wiki\/Calzada_de_Calatrava\">Calzada de Calatrava<\/a> (Ciudad Real, Castilla La Mancha, ESPA\u00d1A)<\/li>\n<li class=\"menu-item menu-item-type-post_type menu-item-object-page menu-item-1116\"><a href=\"https:\/\/en.wikipedia.org\/wiki\/Olot\">Olot<\/a> (Girona, Catalunya, SPAIN)<\/li>\n<li class=\"menu-item menu-item-type-post_type menu-item-object-page menu-item-1116\"><a href=\"https:\/\/en.wikipedia.org\/wiki\/Guadalajara,_Spain\">Guadalajara<\/a> (Guadalajara, Castilla La Mancha, SPAIN)<\/li>\n<li><a href=\"https:\/\/en.wikipedia.org\/wiki\/Madrid\">Madrid<\/a> (Madrid, SPAIN)<\/li>\n<li class=\"menu-item menu-item-type-post_type menu-item-object-page menu-item-1116\"><a href=\"https:\/\/en.wikipedia.org\/wiki\/Barcelona\">Barcelona<\/a> (Barcelona, Catalunya, SPAIN)<\/li>\n<li class=\"menu-item menu-item-type-post_type menu-item-object-page menu-item-1116\"><a href=\"https:\/\/en.wikipedia.org\/wiki\/Naples\">Naples<\/a> (ITALY)<\/li>\n<li class=\"menu-item menu-item-type-post_type menu-item-object-page menu-item-1116\"><a href=\"https:\/\/en.wikipedia.org\/wiki\/Catania\">Catania<\/a> (ITALY)<\/li>\n<li class=\"menu-item menu-item-type-post_type menu-item-object-page menu-item-1116\"><a href=\"https:\/\/en.wikipedia.org\/wiki\/Pisa\">Pisa<\/a> (ITALY)<\/li>\n<li class=\"menu-item menu-item-type-post_type menu-item-object-page menu-item-1116\"><a href=\"https:\/\/en.wikipedia.org\/wiki\/Bologna\">Bologna<\/a> (ITALY)<\/li>\n<li class=\"menu-item menu-item-type-post_type menu-item-object-page menu-item-1116\"><a href=\"https:\/\/es.wikipedia.org\/wiki\/Ponta_Delgada\">Ponta Delgada<\/a>\u00a0(S\u00e3o Miguel, A\u00e7ores, PORTUGAL)<\/li>\n<li><a href=\"https:\/\/en.wikipedia.org\/wiki\/Lisbon\">Lisboa<\/a>\u00a0(PORTUGAL)<\/li>\n<li><a href=\"https:\/\/en.wikipedia.org\/wiki\/Funchal\">Funchal<\/a>\u00a0(Madeira, PORTUGAL)<\/li>\n<li class=\"menu-item menu-item-type-post_type menu-item-object-page menu-item-1116\"><a href=\"https:\/\/en.wikipedia.org\/wiki\/Portsmouth\">Portsmouth<\/a> (UNITED KINGDOM)<\/li>\n<li class=\"menu-item menu-item-type-post_type menu-item-object-page menu-item-1116\"><a href=\"https:\/\/en.wikipedia.org\/wiki\/Budapest\">Budapest<\/a> (HUNGARY)<\/li>\n<li class=\"menu-item menu-item-type-post_type menu-item-object-page menu-item-1116\"><a href=\"https:\/\/en.wikipedia.org\/wiki\/Tours\">Tours<\/a> (FRANCE)<\/li>\n<li class=\"menu-item menu-item-type-post_type menu-item-object-page menu-item-1116\"><a href=\"https:\/\/en.wikipedia.org\/wiki\/D%C3%BCsseldorf\">D\u00fcsseldorf<\/a> (GERMANY)<\/li>\n<li class=\"menu-item menu-item-type-post_type menu-item-object-page menu-item-1116\"><a href=\"https:\/\/en.wikipedia.org\/wiki\/Reykjav%C3%ADk\">Reykjav\u00edk<\/a> (ICELAND)<\/li>\n<li class=\"menu-item menu-item-type-post_type menu-item-object-page menu-item-1116\"><a href=\"https:\/\/en.wikipedia.org\/wiki\/Geneva\">Geneva<\/a> (SWITSERLAND)<\/li>\n<\/ul>\n<\/div>\n<p>[\/et_pb_text][\/et_pb_column][\/et_pb_row][\/et_pb_section]<\/p>\n","protected":false},"excerpt":{"rendered":"<p>\u00bfCu\u00e1ndo? LA NOCHE EUROPEA DE LOS VOLCANES 2021 tendr\u00e1 lugar el viernes 24 de septiembre de 2021 coincidiendo con La Noche Europea de los Investigadores de 2021 que se celebra anualmente en toda Europa el \u00faltimo viernes de septiembre. Algunas de las actividades se desarrollar\u00e1n durante d\u00edas posteriores para conmemorar el D\u00eda Mundial del Turismo [&hellip;]<\/p>\n","protected":false},"author":1,"featured_media":0,"parent":39,"menu_order":0,"comment_status":"closed","ping_status":"closed","template":"","meta":{"_et_pb_use_builder":"on","_et_pb_old_content":"<div class=\"entry-content\"><h4>\u00bfCu\u00e1ndo?<\/h4><p style=\"text-align: justify;\">LA NOCHE EUROPEA DE LOS VOLCANES se celebrar\u00e1 el <strong>viernes 30 de septiembre de 2016<\/strong> coincidiendo con la \u201cLa Noche Europea de los Investigadores\u201d que se celebra anualmente en toda Europa y en pa\u00edses vecinos el \u00faltimo viernes de septiembre.<\/p><h4>\u00bfD\u00f3nde?<\/h4><p>LA NOCHE EUROPEA DE LOS VOLCANES se celebrar\u00e1 simult\u00e1neamente en 13 diferentes municipios de Espa\u00f1a, Italia, Portugal y Reino Unido en esta nueva edici\u00f3n del 2016:<\/p><ul><li><a href=\"https:\/\/es.wikipedia.org\/wiki\/Fuencaliente_de_La_Palma\">FUENCALIENTE<\/a> (La Palma, Islas Canarias, Espa\u00f1a)<\/li><li><a href=\"https:\/\/es.wikipedia.org\/wiki\/Puerto_de_la_Cruz\">PUERTO DE LA CRUZ<\/a> (Tenerife, Islas Canarias, Espa\u00f1a)<\/li><li><a href=\"https:\/\/es.wikipedia.org\/wiki\/La_Frontera_(El_Hierro)\">LA FRONTERA<\/a> (El Hierro, Islas Canarias, Espa\u00f1a)<\/li><li><a href=\"https:\/\/es.wikipedia.org\/wiki\/Yaiza\">YAIZA <\/a>(Lanzarote, Islas Canarias, Espa\u00f1a)<\/li><li><a href=\"https:\/\/es.wikipedia.org\/wiki\/Ingenio_(Gran_Canaria)\">INGENIO<\/a> (Gran Canaria, Islas Canarias, Espa\u00f1a)<\/li><li><a href=\"https:\/\/es.wikipedia.org\/wiki\/Alcolea_de_Calatrava\">ALCOLEA DE CALATRAVA<\/a> (Ciudad Real, Castilla La Mancha, Espa\u00f1a)<\/li><li><a href=\"https:\/\/es.wikipedia.org\/wiki\/Gran%C3%A1tula_de_Calatrava\">GRAN\u00c1TULA DE CALATRAVA <\/a>(Ciudad Real, Castilla La Mancha, Espa\u00f1a)<\/li><li><a href=\"https:\/\/es.wikipedia.org\/wiki\/Valenzuela_de_Calatrava\">VALENZUELA DE CALATRAVA<\/a> (Ciudad Real, Castilla La Mancha, Espa\u00f1a)<\/li><li><a href=\"https:\/\/es.wikipedia.org\/wiki\/Olot\">OLOT<\/a> (Girona, Catalu\u00f1a, Espa\u00f1a)<\/li><li><a href=\"https:\/\/es.wikipedia.org\/wiki\/Catania\">CATANIA<\/a> (Sicilia, Italia)<\/li><li><a href=\"https:\/\/es.wikipedia.org\/wiki\/N%C3%A1poles\">NAPOLES <\/a>(Italia)<\/li><li><a href=\"https:\/\/es.wikipedia.org\/wiki\/Ponta_Delgada\">PONTA DELGADA<\/a> (S\u00e3o Miguel, A\u00e7ores, Portugal)<\/li><li><a href=\"https:\/\/es.wikipedia.org\/wiki\/Portsmouth\">PORTSMOUTH <\/a>(Reino Unido)<\/li><\/ul><\/div>","_et_gb_content_width":"","footnotes":""},"class_list":["post-95","page","type-page","status-publish","hentry"],"_links":{"self":[{"href":"https:\/\/volcanoesnight.com\/index.php?rest_route=\/wp\/v2\/pages\/95","targetHints":{"allow":["GET"]}}],"collection":[{"href":"https:\/\/volcanoesnight.com\/index.php?rest_route=\/wp\/v2\/pages"}],"about":[{"href":"https:\/\/volcanoesnight.com\/index.php?rest_route=\/wp\/v2\/types\/page"}],"author":[{"embeddable":true,"href":"https:\/\/volcanoesnight.com\/index.php?rest_route=\/wp\/v2\/users\/1"}],"replies":[{"embeddable":true,"href":"https:\/\/volcanoesnight.com\/index.php?rest_route=%2Fwp%2Fv2%2Fcomments&post=95"}],"version-history":[{"count":5,"href":"https:\/\/volcanoesnight.com\/index.php?rest_route=\/wp\/v2\/pages\/95\/revisions"}],"predecessor-version":[{"id":3717,"href":"https:\/\/volcanoesnight.com\/index.php?rest_route=\/wp\/v2\/pages\/95\/revisions\/3717"}],"up":[{"embeddable":true,"href":"https:\/\/volcanoesnight.com\/index.php?rest_route=\/wp\/v2\/pages\/39"}],"wp:attachment":[{"href":"https:\/\/volcanoesnight.com\/index.php?rest_route=%2Fwp%2Fv2%2Fmedia&parent=95"}],"curies":[{"name":"wp","href":"https:\/\/api.w.org\/{rel}","templated":true}]}}