{"id":77,"date":"2016-08-12T16:55:14","date_gmt":"2016-08-12T16:55:14","guid":{"rendered":"http:\/\/volcanoesnight.com\/?page_id=77"},"modified":"2021-09-08T06:03:03","modified_gmt":"2021-09-08T06:03:03","slug":"volcano-tours","status":"publish","type":"page","link":"https:\/\/volcanoesnight.com\/?page_id=77","title":{"rendered":"Volcano Tours"},"content":{"rendered":"<p>[et_pb_section fb_built=\u00bb1&#8243; admin_label=\u00bbsection\u00bb _builder_version=\u00bb3.22&#8243; global_colors_info=\u00bb{}\u00bb][et_pb_row _builder_version=\u00bb3.25&#8243; background_size=\u00bbinitial\u00bb background_position=\u00bbtop_left\u00bb background_repeat=\u00bbrepeat\u00bb global_colors_info=\u00bb{}\u00bb][et_pb_column type=\u00bb4_4&#8243; _builder_version=\u00bb3.25&#8243; custom_padding=\u00bb|||\u00bb global_colors_info=\u00bb{}\u00bb custom_padding__hover=\u00bb|||\u00bb][et_pb_text _builder_version=\u00bb4.10.6&#8243; _module_preset=\u00bbdefault\u00bb hover_enabled=\u00bb0&#8243; global_colors_info=\u00bb{}\u00bb sticky_enabled=\u00bb0&#8243;]<\/p>\n<h3 style=\"text-align: center;\"><a href=\"https:\/\/volcanoesnight.com\/?page_id=3645\"><strong>Geoturismo urbano por la ciudad de Puerto de La Cruz \/ Urban geotourism around the city of Puerto de La Cruz<\/strong><\/a><\/h3>\n<p>[\/et_pb_text][\/et_pb_column][\/et_pb_row][\/et_pb_section]<\/p>\n","protected":false},"excerpt":{"rendered":"<p>Geoturismo urbano por la ciudad de Puerto de La Cruz \/ Urban geotourism around the city of Puerto de La Cruz<\/p>\n","protected":false},"author":1,"featured_media":0,"parent":0,"menu_order":70,"comment_status":"closed","ping_status":"closed","template":"","meta":{"_et_pb_use_builder":"on","_et_pb_old_content":"<div class=\"entry-content\"><p>Los Volcano Tours son excursiones guiadas por expertos en diferentes campos y tienen previsto desarrollarse el viernes 30 de septiembre y s\u00e1bado 1 de octubre.<strong> Todos las Volcano Tours son gratuitos a excepci\u00f3n de los que llevan asterisco.<\/strong><\/p><p>En breve pondremos a su disposici\u00f3n una ficha para cada Volcano Tour, la inscripci\u00f3n ya est\u00e1 abierta y se puede realizar a trav\u00e9s del enlace que tienen a continuaci\u00f3n:<\/p><p><a href=\"https:\/\/docs.google.com\/forms\/d\/13gbNEqdo-3dxDnh3hfEDkfmfzp3O-S5a0Mi5dSXWCCY\/viewform?usp=send_form\" target=\"_blank\">FORMULARIO DE INSCRIPCI\u00d3N<\/a><\/p><p>Fichas de los Volcano Tours para LA NOCHE EUROPEA DE LOS VOLCANES 2016:<\/p><ul><li>TENERIFE: Ascenso al Pico del Teide (viernes 30 de septiembre)<\/li><li>TENERIFE: Visita al laboratorio de geomateriales volc\u00e1nicos (viernes 30 de septiembre)<\/li><li>TENERIFE:\u00a0Geoturismo por el Puerto de la Cruz\u00a0(viernes 30 de septiembre)<\/li><li>TENERIFE:\u00a0Cuando las islas se derrumban; una visi\u00f3n desde el mar (viernes 30 de septiembre)*<\/li><li>TENERIFE: Observando las estrellas desde\u00a0un volc\u00e1n activo en Tenerife (viernes 30 de septiembre)*<\/li><li>TENERIFE: Los Volcanes Rojos (s\u00e1bado 1 de octubre)<\/li><li>TENERIFE: La Rapadura: magma bajo el mar (s\u00e1bado 1 de octubre) para los amantes del submarinismo *<\/li><li>TENERIFE: Visita guiada a la Cueva del Viento (s\u00e1bado 1 de octubre) *<\/li><li>LA PALMA:\u00a0Fuencaliente, una experiencia entre volcanes\u00a0(viernes 30 de septiembre)<\/li><li>LA PALMA: Observando las estrellas desde el volc\u00e1n activo de Cumbre Vieja (viernes 30 de septiembre)*<\/li><li>LA PALMA:\u00a0Viaje al \u201ccoraz\u00f3n\u201d de la isla de La Palma\u00a0(s\u00e1bado 1 de octubre)<\/li><li>LA PALMA:\u00a0Ruta de los volcanes \u201cCumbre Vieja\u201d\u00a0(s\u00e1bado 1 de octubre)<\/li><li>EL HIERRO:\u00a0Patrimonio geol\u00f3gico de El Hierro\u00a0(s\u00e1bado 1 de octubre)<\/li><li>LANZAROTE:\u00a0Yaiza: Los volcanes desde otra mirada\u00a0(s\u00e1bado 1 de octubre)<\/li><li>GRAN CANARIA:\u00a0Visita Guiada al volc\u00e1n de Bandama\u00a0(s\u00e1bado 1 de octubre)<\/li><\/ul><\/div>","_et_gb_content_width":"","footnotes":""},"class_list":["post-77","page","type-page","status-publish","hentry"],"_links":{"self":[{"href":"https:\/\/volcanoesnight.com\/index.php?rest_route=\/wp\/v2\/pages\/77","targetHints":{"allow":["GET"]}}],"collection":[{"href":"https:\/\/volcanoesnight.com\/index.php?rest_route=\/wp\/v2\/pages"}],"about":[{"href":"https:\/\/volcanoesnight.com\/index.php?rest_route=\/wp\/v2\/types\/page"}],"author":[{"embeddable":true,"href":"https:\/\/volcanoesnight.com\/index.php?rest_route=\/wp\/v2\/users\/1"}],"replies":[{"embeddable":true,"href":"https:\/\/volcanoesnight.com\/index.php?rest_route=%2Fwp%2Fv2%2Fcomments&post=77"}],"version-history":[{"count":5,"href":"https:\/\/volcanoesnight.com\/index.php?rest_route=\/wp\/v2\/pages\/77\/revisions"}],"predecessor-version":[{"id":3683,"href":"https:\/\/volcanoesnight.com\/index.php?rest_route=\/wp\/v2\/pages\/77\/revisions\/3683"}],"wp:attachment":[{"href":"https:\/\/volcanoesnight.com\/index.php?rest_route=%2Fwp%2Fv2%2Fmedia&parent=77"}],"curies":[{"name":"wp","href":"https:\/\/api.w.org\/{rel}","templated":true}]}}