{"id":39,"date":"2016-08-12T16:27:55","date_gmt":"2016-08-12T16:27:55","guid":{"rendered":"http:\/\/volcanoesnight.com\/?page_id=39"},"modified":"2021-09-07T09:53:17","modified_gmt":"2021-09-07T09:53:17","slug":"inicio","status":"publish","type":"page","link":"https:\/\/volcanoesnight.com\/","title":{"rendered":"Inicio \u00b7 Homepage"},"content":{"rendered":"<p>[et_pb_section fb_built=\u00bb1&#8243; admin_label=\u00bbSecci\u00f3n\u00bb _builder_version=\u00bb4.10.5&#8243; _module_preset=\u00bbdefault\u00bb global_colors_info=\u00bb{}\u00bb][et_pb_row column_structure=\u00bb1_2,1_2&#8243; _builder_version=\u00bb4.10.5&#8243; _module_preset=\u00bbdefault\u00bb global_colors_info=\u00bb{}\u00bb][et_pb_column type=\u00bb1_2&#8243; _builder_version=\u00bb4.10.5&#8243; _module_preset=\u00bbdefault\u00bb global_colors_info=\u00bb{}\u00bb][et_pb_text _builder_version=\u00bb4.10.6&#8243; background_size=\u00bbinitial\u00bb background_position=\u00bbtop_left\u00bb background_repeat=\u00bbrepeat\u00bb use_border_color=\u00bboff\u00bb border_color=\u00bb#ffffff\u00bb border_style=\u00bbsolid\u00bb global_colors_info=\u00bb{}\u00bb]<\/p>\n<p style=\"text-align: justify;\">LA NOCHE EUROPEA DE LOS VOLCANES es una explosi\u00f3n volc\u00e1nica llena de alegr\u00eda, cultura, arte, m\u00fasica, gastronom\u00eda, actividades escolares, geoturismo, exposiciones, debates cient\u00edficos, etc., en el marco de un ambiente distendido y festivo que nos permitir\u00e1 disfrutar a locales y turistas de la belleza y el poder de la naturaleza que representan los volcanes. Es un evento que pretende acercar el p\u00fablico en general a los cient\u00edf\u00edcos que trabajan sobre el fen\u00f3meno volc\u00e1nico, permitiendo el intercambio directo y la oportunidad de conocer a los investigadores que aprovechar\u00e1n para poner de relieve el atractivo de los volcanes as\u00ed como una carrera de investigaci\u00f3n sobre uno de los fen\u00f3menos naturales m\u00e1s atractivos.<\/p>\n<p>[\/et_pb_text][\/et_pb_column][et_pb_column type=\u00bb1_2&#8243; _builder_version=\u00bb4.10.5&#8243; _module_preset=\u00bbdefault\u00bb global_colors_info=\u00bb{}\u00bb][et_pb_text _builder_version=\u00bb4.10.6&#8243; use_border_color=\u00bboff\u00bb border_color=\u00bb#ffffff\u00bb border_style=\u00bbsolid\u00bb global_colors_info=\u00bb{}\u00bb]<\/p>\n<p style=\"text-align: justify;\"><em>THE EUROPEAN VOLCANOES\u2019 NIGHT is a volcanic explosion full of joy, culture, art, music, gastronomy, school activities, geotourism, exhibitions, scientific debates, etc., in the framework of a relaxed and festive atmosphere that will allow locals and tourists of the beauty and power of nature that volcanoes represent. It is an event that aims to bring the general public closer to scientists who work on the volcanic phenomenon, allowing direct exchange and the opportunity to meet researchers who will take the opportunity to highlight the attractiveness of volcanoes as well as a research career on one of the most attractive natural phenomena.<\/em><\/p>\n<p style=\"text-align: justify;\">[\/et_pb_text][\/et_pb_column][\/et_pb_row][et_pb_row _builder_version=\u00bb4.10.6&#8243; _module_preset=\u00bbdefault\u00bb][et_pb_column _builder_version=\u00bb4.10.6&#8243; _module_preset=\u00bbdefault\u00bb type=\u00bb4_4&#8243;][et_pb_gallery _builder_version=\u00bb4.10.6&#8243; _module_preset=\u00bbdefault\u00bb gallery_ids=\u00bb3623,3622,3621,3620,3619,3618,3617,3616,3615,3614,3613,3612&#8243; fullwidth=\u00bbon\u00bb auto=\u00bbon\u00bb hover_enabled=\u00bb0&#8243; sticky_enabled=\u00bb0&#8243;][\/et_pb_gallery][\/et_pb_column][\/et_pb_row][\/et_pb_section]<\/p>\n","protected":false},"excerpt":{"rendered":"<p>LA NOCHE EUROPEA DE LOS VOLCANES es una explosi\u00f3n volc\u00e1nica llena de alegr\u00eda, cultura, arte, m\u00fasica, gastronom\u00eda, actividades escolares, geoturismo, exposiciones, debates cient\u00edficos, etc., en el marco de un ambiente distendido y festivo que nos permitir\u00e1 disfrutar a locales y turistas de la belleza y el poder de la naturaleza que representan los volcanes. Es [&hellip;]<\/p>\n","protected":false},"author":1,"featured_media":0,"parent":0,"menu_order":10,"comment_status":"closed","ping_status":"closed","template":"","meta":{"_et_pb_use_builder":"on","_et_pb_old_content":"","_et_gb_content_width":"","footnotes":""},"class_list":["post-39","page","type-page","status-publish","hentry"],"_links":{"self":[{"href":"https:\/\/volcanoesnight.com\/index.php?rest_route=\/wp\/v2\/pages\/39","targetHints":{"allow":["GET"]}}],"collection":[{"href":"https:\/\/volcanoesnight.com\/index.php?rest_route=\/wp\/v2\/pages"}],"about":[{"href":"https:\/\/volcanoesnight.com\/index.php?rest_route=\/wp\/v2\/types\/page"}],"author":[{"embeddable":true,"href":"https:\/\/volcanoesnight.com\/index.php?rest_route=\/wp\/v2\/users\/1"}],"replies":[{"embeddable":true,"href":"https:\/\/volcanoesnight.com\/index.php?rest_route=%2Fwp%2Fv2%2Fcomments&post=39"}],"version-history":[{"count":5,"href":"https:\/\/volcanoesnight.com\/index.php?rest_route=\/wp\/v2\/pages\/39\/revisions"}],"predecessor-version":[{"id":3624,"href":"https:\/\/volcanoesnight.com\/index.php?rest_route=\/wp\/v2\/pages\/39\/revisions\/3624"}],"wp:attachment":[{"href":"https:\/\/volcanoesnight.com\/index.php?rest_route=%2Fwp%2Fv2%2Fmedia&parent=39"}],"curies":[{"name":"wp","href":"https:\/\/api.w.org\/{rel}","templated":true}]}}